2 + -2 + 0?
-4
What is -2 + -8 + -4 + 9?
-5
Evaluate 4 + (5 - (13 + -1) - -2).
-1
What is -7 + 12 + -7 + 6?
4
Calculate 7 - (4 + -1 + 3).
1
What is the value of -7 - (-11 - -10) - 0?
-6
What is -16 + 18 - (4 + 0)?
-2
Calculate 1 + 3 + (1 - -4 - 7).
2
Evaluate (1 - 1 - 4) + 1.
-3
Evaluate (20 - 26) + -1 + 7.
0
What is the value of 4 - (3 - (4 + 0 - 1))?
4
Calculate 2 + 1 - (17 - 9).
-5
0 - (2 + -5 - -9) - 2
-8
-6 - (2 - (1 + 3))
-4
Evaluate -1 - (3 - 2) - (28 + -31).
1
What is 6 + (3 - 7) - (-1 + -2)?
5
Evaluate (3 - 6) + -1 + -2 - -11.
5
What is the value of -1 - -3 - (3 - 3)?
2
-51 + 56 - (13 - 0)
-8
Evaluate 1 + -2 - (-5 - 0).
4
What is the value of 8 - 3 - (5 + -1)?
1
What is the value of 4 + -4 - 0 - -4?
4
Evaluate 98 - 107 - (-3 - (0 + 0)).
-6
0 + (-1 - -2 - (1 - -1))
-1
Evaluate 7 + 1 + 1 + (0 - 4).
5
Calculate (-1 - -2) + 2 + (1 - 4).
0
4 + 0 + 7 + -5 + -11
-5
4 - (-5 + 5 + 1)
3
What is (-8 - -4) + (0 + 0 - -1)?
-3
What is 0 + 0 + -4 + 2 + 3?
1
Evaluate -67 + 56 - (1 - 4).
-8
Evaluate -2 + 3 + 2 + 1.
4
Evaluate (-1 - 4) + -7 + 13.
1
What is the value of 4 + 0 + -14 + 14?
4
What is the value of -2 + 3 + (8 - 4) + -4?
1
Calculate -8 + 7 + 2 + -5.
-4
What is -1 + 18 + -27 + 16?
6
What is the value of (8 - 8) + -10 - -6?
-4
Calculate 8 - (-2 + 1 - (3 - 6)).
6
What is -8 - (-6 - 3) - 0?
1
-1 + (0 - -1) - (-322 - -317)
5
Evaluate -2 - (5 + -2) - (-16 - -12).
-1
(-3 - -1) + 6 + -1 + -4
-1
Evaluate -1 - (-4 - 0 - 2 - 0).
5
Calculate 2 - 2 - (5 + -7).
2
Evaluate 4 + (-1 - (-5 + 3)).
5
What is the value of (-5 - -5) + -8 + 3?
-5
What is -12 - ((3 - -4) + -23)?
4
-2 + -5 + (-9 - -11)
-5
Calculate 6 + -5 + 0 + (1 - 3).
-1
What is the value of (1 - (0 - -3)) + (-5 - -3)?
-4
What is the value of (-4 - 0) + -16 + 24?
4
-4 - -7 - (4 - -3)
-4
What is 14 + -14 + 9 - 1?
8
7 + -13 + 2 + -2 + 9
3
1 - (3 - (-3 + 7))
2
(7 - 5 - (2 + -2)) + 2
4
What is the value of -7 + 1 + (-4 - -13)?
3
What is the value of (4 - (1 - -1)) + 0?
2
Calculate -9 + (9 - 6) - -12.
6
What is (-1 - (-2 + -1)) + 3?
5
What is the value of -2 + (6 - 20 - -6 - -5)?
-5
Evaluate 8 + (2 - (3 + (-3 - -5))).
5
What is -3 - (-6 - 2 - -1)?
4
Calculate -2 - -11 - 4 - (1 - -2).
2
Calculate -2 + (-15 - -13 - (2 - 8)).
2
What is (-9 - -11 - -4) + -7?
-1
What is -4 - -3 - -2 - -2 - 4?
-1
Calculate (6 - 12) + (-4 - -11) - 7.
-6
What is -1 - (0 + (9 - 8))?
-2
What is the value of 2 + -3 + 0 + (7 - 6)?
0
-7 - (-16 + (-3 - -2))
10
What is the value of -3 + 2 + 3 + (2 - 2)?
2
Calculate 10 - 18 - -8 - 0.
0
What is -3 + (5 - 5) + -4?
-7
What is (-15 - (1 + -9)) + -1?
-8
Calculate (16 - 11) + -8 - (4 - 1).
-6
What is the value of -12 + (-9 - -8) + 8?
-5
What is the value of -6 - -2 - (0 + (-4 - 3))?
3
2 - (1 - (-2 - -2))
1
Evaluate 8 + -11 - 1 - -2.
-2
What is the value of 3 - (14 + -4) - -9?
2
Evaluate -7 + 8 + 16 + 1 + -9.
9
Evaluate (-3 - -2) + 4 - (104 + -99).
-2
Evaluate 3 - (3 - (-4 + 2) - -3).
-5
What is -1 - (-8 - -2) - 7 - 3?
-5
What is 1 - -1 - (-1 + 6 - 8)?
5
Calculate (1 + 1 - 5) + 0.
-3
Evaluate 3 + -4 + (3 - 3) + 3.
2
What is the value of -15 + 2 + 7 - (2 + -1)?
-7
What is the value of (2 - (-14 + 7)) + -3 + 0?
6
Evaluate 3 + (-10 - (-1 + -5)) + -3.
-4
Calculate 1 + (-2 - -4) + -5 - -2.
0
Calculate 14 + (-6 - 1) + -4.
3
What is (5 - (-4 - -13)) + -5 + 2?
-7
What is (4 - (-6 - -5)) + (-2 - 0)?
3
-5 - (-9 + -1 + 5 + 5)
-5
What is 3 + 0 + -4 + 1 - -5?
5
-31 + 18 + 7 - (1 - 4)
-3
Calculate -8 + 3 + (2 - -7) - 0.
4
Evaluate 10 + -9 + (9 - 3) + 3.
10
What is -1 - (-28 - -39 - (0 + 6))?
-6
Calculate 4 + 1 + (7 - 8).
4
Evaluate -23 + 23 + (1 - 0).
1
Evaluate 14 + -13 - ((1 - 0) + 4).
-4
What is -2 - (-9 + 5) - (-8 + 7)?
3
Evaluate 1 - (-7 + -1 + 4 + 0).
5
Evaluate 6 - (-6 + (6 - (4 + -5))).
5
3 - 2 - (-3 - (0 - 2))
2
Evaluate (-8 - 1) + 4 + 7 - 4.
-2
Calculate 6 + -8 - (-2 - -2).
-2
0 - (2 - 3) - 2
-1
Evaluate (-10 - (5 + -8)) + 5.
-2
Calculate -23 + 9 + 10 - -7.
3
Evaluate -3 - -6 - (0 + (3 - 3)).
3
What is the value of 11 + (-2 - 0 - 4) + 2?
7
Evaluate (-8 - -2) + 9 + 2.
5
What is -9 + (-5 + 5 - -5)?
-4
Evaluate (2 - (-1 - (-1 - 0))) + 0.
2
Calculate -9 - (-2 + 2 + -6).
-3
-1 + -5 + 2 + -1
-5
What is 2 + 0 - (3 + -12 + 7)?
4
14 - (8 + -6 - -20)
-8
Calculate 9 - 1 - -3 - 6.
5
What is 0 - ((1 - -7) + -12)?
4
3 + -3 - 5 - -4
-1
-6 + (-3 - -13) - (0 + -3)
7
Evaluate -4 + (3 + -6 - -6).
-1
Evaluate -5 + (10 - 4 - 6).
-5
Evaluate 2 + 24 - 25 - (1 - 2).
2
What is 3 - (1 - -3) - -4?
3
2 + 0 - 0 - (1 - -7)
-6
Evaluate (2 - 0 - -1) + (1 - 0).
4
Evaluate -10 - (31 - 38 - (-1 + -3)).
-7
Evaluate -2 - (5 - 2 - 7).
2
Calculate -7 + 0 + (0 - -2) - -2.
-3
Evaluate (-2 + 0 + 6 - 7) + 7.
4
26 - 26 - (5 + 1 + 0)
-6
What is the value of 12 + -10 - (-1 - -4)?
-1
Calculate 9 + -1 + -2 + (1 - 14).
-7
What is the value of 4 + -1 + (10 - 8 - 4)?
1
Calculate 1 + -6 + 1 - (-11 - -2).
5
Calculate 6 + (2 - 14) - -3.
-3
Calculate -4 + (1 - (-2 + -3 + 2)).
0
0 + 2 + -2 + (4 - -1)
5
Evaluate -4 + (-3 - -4) + 2.
-1
What is -1 + 6 - (-9 - (-12 + 6))?
8
Calculate 2 + -3 + 3 + -1 + -4.
-3
What is -10 + 6 + (17 - 13)?
0
-4 + 1 + 2 - 2
-3
What is -44 - -40 - (-2 + -2)?
0
Evaluate 4 + -1 + 0 - 1.
2
-2 - -3 - (-3 + 2 + 0)
2
Calculate -11 + 9 + 6 - 0.
4
(1 - -1) + (4 - (2 - 0))
4
Calculate 2 - ((-3 - 2) + 9).
-2
2 - (1 + (2 + -1 - -6))
-6
Calculate 7 - (-3 - (6 + -5)) - 4.
7
Evaluate 15 + (10 - (-3 + 28)).
0
What is the value of -14 + (-16 - -12) + 10 + 0?
-8
(4 - 11) + 1 - -10
4
Calculate 28 + -26 + (-5 - (-1 + 2)).
-4
Calculate -1 - (-35 + 32 + 5 + -1).
-2
What is -5 - -10 - (2 + 0)?
3
Calculate 4 - (-2 + 2 + 4) - -4.
4
Calculate -4 - (3 + (-2 + 1 - 2)).
-4
-10 + (5 - 3 - -3)
-5
What is (90 - 93) + (-1 - (-2 + 0))?
-2
Evaluate (4 - 2) + (-2 - 2 - 3).
-5
Evaluate 55 - 53 - (0 + 1 + 1).
0
(-2 + 1 - -4) + (-29 - -26)
0
What is the value of (-7 - -7) + -4 - -1?
-3
What is 3 - (10 + (-1 - 2))?
-4
Calculate 6 + -13 - (-9 - -5).
-3
What is the value of -15 + 20 + -4 + -2?
-1
(-22 - -16) + (-3 - -13)
4
Calculate -15 + 9 - (2 - (-2 - -4)).
-6
Evaluate -4 - (3 - 10) - 3.
0
Calculate 5 - 4 - (-1 + 1).
1
Calculate 0 - 3 - (-3 - 3).
3
What is the value of -7 - (1 - (-1 - -6)) - -1?
-2
What is 36 - 33 - (-1 + -3 + 0)?
7
What is -6 + 5 + 7 - 7?
-1
What is the value of (-1 - (-8 - (-22 - -8))) + 4?
-3
Evaluate -10 - -9 - (-2 + -1).
2
Evaluate -1 + 6 + (0 - 8).
-3
Calculate 5 - 5 - 1 - 0.
-1
What is -1 + (7 - (13 + -6))?
-1
Calculate 3 + -4 + -3 - -8.
4
Evaluate -5 + (3 + -2 - 2) + 2.
-4
Calculate -1 + 3 + -3 + 6 - 3.
2
What is -10 + 8 + 10 - 5?
3
Evaluate -2 - (3 - (-4 + 2 - -2)).
-5
What is the value of -3 + (-4 + 2 - -3)?
-2
What is (7 - (8 - 2)) + -2 - 6?
-7
Evaluate 2 - -2 - -1 - (1 - -1).
3
Evaluate (-14 - (-9 - -6)) + 8.
-3
What is (7 + 3 - 1) + -10?
-1
What is 9 + -3 + (4 - 3) + -3?
4
Calculate -13 + 0 + (-17 - -23).
-7
What is 0 - -1 - (-1 + 0 - -2)?
0
-18 - -19 - (-1 + 0)
2
-6 - (5 + -6 + -5 - 3)
3
3 + 0 + 6 + -4
5
Calculate -1 + (-10 - -5 - -3).
-3
What is the value of -3 - ((-4 - 5) + 2)?
4
What is 4 + (1 - (-3 + 4))?
4
Evaluate (6 - (3 - -7)) + 3.
-1
What is 0 + 4 + -5 + -4 + 1?
-4
1 - (-3 + 1) - -2
5
(1 - 0) + 0 + (1 - 7)
-5
Calculate (0 + -2 - -1) + (-1 - -7).
5
Evaluate 13 + (-13 - ((-20 - -7) + 7)).
6
3 + -5 + -10 + 9
-3
Evaluate 6 + (-1 - -4) - 5 - 4.
0
What is the value of 4 - (15 + -3) - (-2 + -1)?
-5
Evaluate -3 + (2 + -3 - -9).
5
Calculate 10 + (4 - 8 - 2).
4
What is the value of 2 + -4 - ((8 - 5) + -1)?
-4
12 - -1 - (-2 - -9)
6
-6 + (-9 - -11) + 5
1
What is the value of -1 - 3 - (34 - 36)?
-2
Evaluate -2 + -1 + (-3 - -8).
2
Evaluate -8 + -2 + -8 + -9 + 21.
-6
What is 0 + (1 - -2) + -5?
-2
-1 + -1 + -5 + 4
-3
Calculate -1 - 2 - (15 + -15 + 2).
-5
11 - (0 - -6) - 6
-1
What is 4 - (-1 - -6 - 2)?
1
Calculate 8 - (4 - (-2 + 3)) - 6.
-1
6 - -1 - (6 + 3)
-2
Evaluate -8 + -1 + 14 + -2.
3
Evaluate 4 + (1 - -1) + (0 - 3).
3
Evaluate (-2 - -4) + -7 + 14 + -10.
-1
2 - (-4 + 3 + 13 - 7)
-3
Calculate (8 - 0) + -26 + 24.
6
9 - 8 - (-2 + (8 - 4))
-1
Evaluate -3 - (-4 + 0 + 3) - 1.
-3
0 - ((-1 - -5) + 3 + -4)
-3
What is the value of 4 + (-5 - 2) + -3?
-6
Evaluate (-6 + -14 - -9) + 13.
2
2 - (-2 - -1) - 1 - 2
0
Evaluate -9 + (-4 - 0) + 12.
-1
What is 7 + -3 + 8 + -10?
2
Evaluate (5 - (2 + -2)) + 68 + -66.
7
Calculate (-11 - -1) + (63 - 47).
6
E